{"id":1388,"date":"2022-08-24T21:14:18","date_gmt":"2022-08-24T21:14:18","guid":{"rendered":"https:\/\/www.amoldequimica.com\/?page_id=1388"},"modified":"2022-08-25T01:24:37","modified_gmt":"2022-08-25T01:24:37","slug":"unidad-2-sustancias-puras-y-mezclas","status":"publish","type":"page","link":"https:\/\/www.amoldequimica.com\/index.php\/cursos\/3-eso\/unidad-2-sustancias-puras-y-mezclas\/","title":{"rendered":"Unidad 2. Sustancias puras y mezclas"},"content":{"rendered":"\n<div class=\"wp-block-cover alignfull\" style=\"min-height:153px;aspect-ratio:unset;\"><span aria-hidden=\"true\" class=\"wp-block-cover__background has-ast-global-color-5-background-color has-background-dim-100 has-background-dim\"><\/span><div class=\"wp-block-cover__inner-container is-layout-flow wp-block-cover-is-layout-flow\">\n<h2 class=\"has-black-color has-text-color wp-block-heading\">Objetivos de la unidad<\/h2>\n\n\n\n<ul class=\"has-black-color has-text-color wp-block-list\"><li>Diferenciar entre sustancias puras y mezclas.<\/li><li>Saber diferenciar entre una mezcla heterog\u00e9nea de una mezcla homog\u00e9nea (disoluci\u00f3n).<\/li><li>Entender y conocer los diversos procedimientos f\u00edsicos utilizados para separar las sustancias que forma una mezcla.<\/li><li>Expresar de manera cuantitativa la concentraci\u00f3n de una disoluci\u00f3n.<\/li><\/ul>\n<\/div><\/div>\n\n\n\n<p><\/p>\n\n\n\n<div class=\"wp-block-columns is-layout-flex wp-container-core-columns-is-layout-28f84493 wp-block-columns-is-layout-flex\">\n<div class=\"wp-block-column is-layout-flow wp-block-column-is-layout-flow\">\n<h2 class=\"wp-block-heading\">Previo al inicio del tema<\/h2>\n\n\n\n<ul class=\"wp-block-list\"><li>Se recomienda la visualizaci\u00f3n de este v\u00eddeo que se encuentra en el canal de Youtube &#8216;Amigos de la qu\u00edmica&#8217; en el que encontramos la clasificaci\u00f3n de los sistemas materiales, as\u00ed como la divisi\u00f3n de estos en sustancias puras y mezclas.<\/li><\/ul>\n\n\n\n<p><\/p>\n<\/div>\n\n\n\n<div class=\"wp-block-column is-layout-flow wp-block-column-is-layout-flow\">\n<figure class=\"wp-block-embed is-type-video is-provider-youtube wp-block-embed-youtube wp-embed-aspect-16-9 wp-has-aspect-ratio\"><div class=\"wp-block-embed__wrapper\">\n<div class=\"ast-oembed-container\" style=\"height: 100%;\"><iframe loading=\"lazy\" title=\"Clasificaci\u00f3n de los sistemas materiales. SUSTANCIAS PURAS Y MEZCLAS\" width=\"500\" height=\"281\" src=\"https:\/\/www.youtube.com\/embed\/wvjQmvH-GOs?feature=oembed\" frameborder=\"0\" allow=\"accelerometer; autoplay; clipboard-write; encrypted-media; gyroscope; picture-in-picture; web-share\" referrerpolicy=\"strict-origin-when-cross-origin\" allowfullscreen><\/iframe><\/div>\n<\/div><\/figure>\n<\/div>\n<\/div>\n\n\n\n<div class=\"wp-block-cover alignfull\" style=\"min-height:197px;aspect-ratio:unset;\"><span aria-hidden=\"true\" class=\"wp-block-cover__background has-ast-global-color-5-background-color has-background-dim-100 has-background-dim\"><\/span><div class=\"wp-block-cover__inner-container is-layout-flow wp-block-cover-is-layout-flow\">\n<h2 class=\"has-black-color has-text-color wp-block-heading\">\u00bfC\u00f3mo trabajar los conceptos te\u00f3ricos de esta unidad?<\/h2>\n\n\n\n<div class=\"wp-block-columns is-layout-flex wp-container-core-columns-is-layout-28f84493 wp-block-columns-is-layout-flex\">\n<div class=\"wp-block-column is-layout-flow wp-block-column-is-layout-flow\" style=\"flex-basis:66.66%\">\n<ul class=\"has-black-color has-text-color wp-block-list\"><li>Documento que abarca contenidos como los tipos de mezclas existentes, los diversos procedimientos f\u00edsicos que se utilizan a la hora de separar una mezcla o la forma de expresar la concentraci\u00f3n de las disoluciones.<\/li><\/ul>\n<\/div>\n\n\n\n<div class=\"wp-block-column is-layout-flow wp-block-column-is-layout-flow\" style=\"flex-basis:33.33%\">\n<div class=\"wp-block-buttons is-layout-flex wp-block-buttons-is-layout-flex\">\n<div class=\"wp-block-button\"><a class=\"wp-block-button__link\" href=\"http:\/\/chopo.pntic.mec.es\/jmillan\/tema3_3ESO_P.pdf\">PDF<\/a><\/div>\n<\/div>\n<\/div>\n<\/div>\n<\/div><\/div>\n\n\n\n<p><\/p>\n\n\n\n<div class=\"wp-block-cover alignfull\" style=\"min-height:197px;aspect-ratio:unset;\"><span aria-hidden=\"true\" class=\"wp-block-cover__background has-ast-global-color-5-background-color has-background-dim-100 has-background-dim\"><\/span><div class=\"wp-block-cover__inner-container is-layout-flow wp-block-cover-is-layout-flow\">\n<h2 class=\"has-black-color has-text-color wp-block-heading\">Para experimentar&#8230; <\/h2>\n\n\n\n<div class=\"wp-block-columns is-layout-flex wp-container-core-columns-is-layout-28f84493 wp-block-columns-is-layout-flex\">\n<div class=\"wp-block-column is-layout-flow wp-block-column-is-layout-flow\" style=\"flex-basis:66.66%\">\n<ul class=\"has-black-color has-text-color wp-block-list\"><li>La p\u00e1gina Ambientech, en su subapartado \u201cSustancias puras y mezclas\u201d, es la forma m\u00e1s \u00fatil de acercarnos tanto a estas mezclas homog\u00e9neas y heterog\u00e9neas, como a los procedimientos f\u00edsicos de separaci\u00f3n de sustancias de una mezcla.<\/li><\/ul>\n\n\n\n<p><\/p>\n<\/div>\n\n\n\n<div class=\"wp-block-column is-layout-flow wp-block-column-is-layout-flow\" style=\"flex-basis:33.33%\">\n<div class=\"wp-block-buttons is-layout-flex wp-block-buttons-is-layout-flex\">\n<div class=\"wp-block-button\"><a class=\"wp-block-button__link\" href=\"https:\/\/ambientech.org\/ambientech\/spa\/animation\/las-sustancias-puras-y-las-mezclas\">P\u00e1gina web de Ambientech. Secci\u00f3n Sustancias puras y mezclas.<\/a><\/div>\n<\/div>\n<\/div>\n<\/div>\n\n\n\n<div class=\"wp-block-columns is-layout-flex wp-container-core-columns-is-layout-28f84493 wp-block-columns-is-layout-flex\">\n<div class=\"wp-block-column is-layout-flow wp-block-column-is-layout-flow\">\n<figure class=\"wp-block-image size-full\"><img loading=\"lazy\" decoding=\"async\" width=\"987\" height=\"544\" src=\"https:\/\/www.amoldequimica.com\/wp-content\/uploads\/2022\/08\/Ambientech-Sustancias-Puras-y-Mezclas-1.png\" alt=\"\" class=\"wp-image-1396\" srcset=\"https:\/\/www.amoldequimica.com\/wp-content\/uploads\/2022\/08\/Ambientech-Sustancias-Puras-y-Mezclas-1.png 987w, https:\/\/www.amoldequimica.com\/wp-content\/uploads\/2022\/08\/Ambientech-Sustancias-Puras-y-Mezclas-1-300x165.png 300w, https:\/\/www.amoldequimica.com\/wp-content\/uploads\/2022\/08\/Ambientech-Sustancias-Puras-y-Mezclas-1-768x423.png 768w\" sizes=\"auto, (max-width: 987px) 100vw, 987px\" \/><\/figure>\n<\/div>\n\n\n\n<div class=\"wp-block-column is-layout-flow wp-block-column-is-layout-flow\">\n<figure class=\"wp-block-image size-full\"><img loading=\"lazy\" decoding=\"async\" width=\"977\" height=\"519\" src=\"https:\/\/www.amoldequimica.com\/wp-content\/uploads\/2022\/08\/Ambientech.-Sustancias-Puras-y-Mezclas-2.png\" alt=\"\" class=\"wp-image-1397\" srcset=\"https:\/\/www.amoldequimica.com\/wp-content\/uploads\/2022\/08\/Ambientech.-Sustancias-Puras-y-Mezclas-2.png 977w, https:\/\/www.amoldequimica.com\/wp-content\/uploads\/2022\/08\/Ambientech.-Sustancias-Puras-y-Mezclas-2-300x159.png 300w, https:\/\/www.amoldequimica.com\/wp-content\/uploads\/2022\/08\/Ambientech.-Sustancias-Puras-y-Mezclas-2-768x408.png 768w\" sizes=\"auto, (max-width: 977px) 100vw, 977px\" \/><\/figure>\n<\/div>\n<\/div>\n<\/div><\/div>\n\n\n\n<p><\/p>\n\n\n\n<div class=\"wp-block-cover alignfull\" style=\"min-height:197px;aspect-ratio:unset;\"><span aria-hidden=\"true\" class=\"wp-block-cover__background has-ast-global-color-5-background-color has-background-dim-100 has-background-dim\"><\/span><div class=\"wp-block-cover__inner-container is-layout-flow wp-block-cover-is-layout-flow\">\n<h2 class=\"has-black-color has-text-color wp-block-heading\">Gamificaci\u00f3n<\/h2>\n\n\n\n<div class=\"wp-block-columns is-layout-flex wp-container-core-columns-is-layout-28f84493 wp-block-columns-is-layout-flex\">\n<div class=\"wp-block-column is-layout-flow wp-block-column-is-layout-flow\" style=\"flex-basis:66.66%\">\n<ul class=\"has-black-color has-text-color wp-block-list\"><li>Cuestionario en la herramienta Quizizz sobre la pr\u00e1ctica \u201cSeparaci\u00f3n de los componentes de la clorofila de las plantas\u201d cuyo documento se encuentra en el apartado de Recursos, en el subapartado de <strong><em><a href=\"https:\/\/www.amoldequimica.com\/index.php\/recursos\/practicas-experimentales\/\" data-type=\"page\" data-id=\"1399\">Pr\u00e1cticas Experimentales<\/a><\/em><\/strong>. <\/li><\/ul>\n<\/div>\n\n\n\n<div class=\"wp-block-column is-layout-flow wp-block-column-is-layout-flow\" style=\"flex-basis:33.33%\">\n<div class=\"wp-block-buttons is-layout-flex wp-block-buttons-is-layout-flex\">\n<div class=\"wp-block-button\"><a class=\"wp-block-button__link\" href=\"https:\/\/quizizz.com\/admin\/quiz\/627caf6312bd00001d807738\/tecnicas-de-separacion-en-experimentos-3eso-unidad-2\">Enlace Quizizz<\/a><\/div>\n<\/div>\n<\/div>\n<\/div>\n\n\n\n<div class=\"wp-block-columns is-layout-flex wp-container-core-columns-is-layout-28f84493 wp-block-columns-is-layout-flex\">\n<div class=\"wp-block-column is-layout-flow wp-block-column-is-layout-flow\" style=\"flex-basis:66.66%\">\n<ul class=\"has-black-color has-text-color wp-block-list\"><li>Cuestionario en la herramienta Quizizz sobre la pr\u00e1ctica \u201cCristales de Sal\u201d cuyo documento se encuentra en el apartado de Recursos, en el subapartado de <strong><em><a href=\"https:\/\/www.amoldequimica.com\/index.php\/recursos\/practicas-experimentales\/\" data-type=\"page\" data-id=\"1399\">Pr\u00e1cticas Experimentales<\/a><\/em><\/strong>. <\/li><\/ul>\n<\/div>\n\n\n\n<div class=\"wp-block-column is-layout-flow wp-block-column-is-layout-flow\" style=\"flex-basis:33.33%\">\n<div class=\"wp-block-buttons is-layout-flex wp-block-buttons-is-layout-flex\">\n<div class=\"wp-block-button\"><a class=\"wp-block-button__link\" href=\"https:\/\/quizizz.com\/admin\/quiz\/627cec6f477292001dd0a7ef\/cristales-de-sal\">Enlace Quizizz<\/a><\/div>\n<\/div>\n<\/div>\n<\/div>\n<\/div><\/div>\n","protected":false},"excerpt":{"rendered":"<p>Previo al inicio del tema Se recomienda la visualizaci\u00f3n de este v\u00eddeo que se encuentra en el canal de Youtube &#8216;Amigos de la qu\u00edmica&#8217; en el que encontramos la clasificaci\u00f3n de los sistemas materiales, as\u00ed como la divisi\u00f3n de estos en sustancias puras y mezclas.<\/p>\n","protected":false},"author":1,"featured_media":0,"parent":1340,"menu_order":2,"comment_status":"closed","ping_status":"closed","template":"","meta":{"_uag_custom_page_level_css":"","site-sidebar-layout":"default","site-content-layout":"default","ast-global-header-display":"","ast-banner-title-visibility":"","ast-main-header-display":"","ast-hfb-above-header-display":"","ast-hfb-below-header-display":"","ast-hfb-mobile-header-display":"","site-post-title":"","ast-breadcrumbs-content":"","ast-featured-img":"","footer-sml-layout":"","theme-transparent-header-meta":"","adv-header-id-meta":"","stick-header-meta":"","header-above-stick-meta":"","header-main-stick-meta":"","header-below-stick-meta":"","footnotes":""},"class_list":["post-1388","page","type-page","status-publish","hentry"],"uagb_featured_image_src":{"full":false,"thumbnail":false,"medium":false,"medium_large":false,"large":false,"1536x1536":false,"2048x2048":false},"uagb_author_info":{"display_name":"admin","author_link":"https:\/\/www.amoldequimica.com\/index.php\/author\/admin\/"},"uagb_comment_info":0,"uagb_excerpt":"Previo al inicio del tema Se recomienda la visualizaci\u00f3n de este v\u00eddeo que se encuentra en el canal de Youtube &#8216;Amigos de la qu\u00edmica&#8217; en el que encontramos la clasificaci\u00f3n de los sistemas materiales, as\u00ed como la divisi\u00f3n de estos en sustancias puras y mezclas.","_links":{"self":[{"href":"https:\/\/www.amoldequimica.com\/index.php\/wp-json\/wp\/v2\/pages\/1388","targetHints":{"allow":["GET"]}}],"collection":[{"href":"https:\/\/www.amoldequimica.com\/index.php\/wp-json\/wp\/v2\/pages"}],"about":[{"href":"https:\/\/www.amoldequimica.com\/index.php\/wp-json\/wp\/v2\/types\/page"}],"author":[{"embeddable":true,"href":"https:\/\/www.amoldequimica.com\/index.php\/wp-json\/wp\/v2\/users\/1"}],"replies":[{"embeddable":true,"href":"https:\/\/www.amoldequimica.com\/index.php\/wp-json\/wp\/v2\/comments?post=1388"}],"version-history":[{"count":5,"href":"https:\/\/www.amoldequimica.com\/index.php\/wp-json\/wp\/v2\/pages\/1388\/revisions"}],"predecessor-version":[{"id":1413,"href":"https:\/\/www.amoldequimica.com\/index.php\/wp-json\/wp\/v2\/pages\/1388\/revisions\/1413"}],"up":[{"embeddable":true,"href":"https:\/\/www.amoldequimica.com\/index.php\/wp-json\/wp\/v2\/pages\/1340"}],"wp:attachment":[{"href":"https:\/\/www.amoldequimica.com\/index.php\/wp-json\/wp\/v2\/media?parent=1388"}],"curies":[{"name":"wp","href":"https:\/\/api.w.org\/{rel}","templated":true}]}}