{"id":1358,"date":"2022-07-28T16:23:47","date_gmt":"2022-07-28T16:23:47","guid":{"rendered":"https:\/\/www.amoldequimica.com\/?page_id=1358"},"modified":"2022-08-24T20:33:05","modified_gmt":"2022-08-24T20:33:05","slug":"unidad-1-la-materia","status":"publish","type":"page","link":"https:\/\/www.amoldequimica.com\/index.php\/cursos\/3-eso\/unidad-1-la-materia\/","title":{"rendered":"Unidad 1. La materia"},"content":{"rendered":"\n<div class=\"wp-block-cover alignfull\" style=\"min-height:153px;aspect-ratio:unset;\"><span aria-hidden=\"true\" class=\"wp-block-cover__background has-ast-global-color-5-background-color has-background-dim-100 has-background-dim\"><\/span><div class=\"wp-block-cover__inner-container is-layout-flow wp-block-cover-is-layout-flow\">\n<h2 class=\"has-black-color has-text-color wp-block-heading\">Objetivos de la unidad<\/h2>\n\n\n\n<ul class=\"has-black-color has-text-color wp-block-list\"><li>Comprender y conocer los estados f\u00edsicos en los que la materia se encuentra; as\u00ed como explicar los cambios de estado gracias a la teor\u00eda cin\u00e9tico-molecular.<\/li><li>Las leyes de los gases.<\/li><li>Identificar los diversos cambios de estado existentes y conocer sus nombres.<\/li><li>Entender c\u00f3mo se producen los cambios de estado, sabiendo que la temperatura de la sustancia no var\u00eda mientras dura el cambio de estado.<\/li><li>Interpretar fen\u00f3menos macrosc\u00f3picos a partir de la teor\u00eda cin\u00e9tica de la materia.<\/li><\/ul>\n<\/div><\/div>\n\n\n\n<div class=\"wp-block-cover alignfull\" style=\"min-height:190px;aspect-ratio:unset;\"><span aria-hidden=\"true\" class=\"wp-block-cover__background has-ast-global-color-5-background-color has-background-dim-100 has-background-dim\"><\/span><div class=\"wp-block-cover__inner-container is-layout-flow wp-block-cover-is-layout-flow\">\n<h2 class=\"has-black-color has-text-color wp-block-heading\">\u00bfC\u00f3mo trabajar los conceptos te\u00f3ricos de esta unidad?<\/h2>\n\n\n\n<div class=\"wp-block-columns is-layout-flex wp-container-core-columns-is-layout-28f84493 wp-block-columns-is-layout-flex\">\n<div class=\"wp-block-column is-layout-flow wp-block-column-is-layout-flow\">\n<ul class=\"has-black-color has-text-color wp-block-list\"><li>PDF del profesor Ra\u00fal Gonz\u00e1les Medina del IES Juan Ram\u00f3n Jim\u00e9nez.<\/li><\/ul>\n\n\n\n<p><\/p>\n<\/div>\n\n\n\n<div class=\"wp-block-column is-layout-flow wp-block-column-is-layout-flow\">\n<div class=\"wp-block-buttons is-layout-flex wp-block-buttons-is-layout-flex\">\n<div class=\"wp-block-button\"><a class=\"wp-block-button__link\" href=\"https:\/\/selectividad.intergranada.com\/ESO\/fq3\/Clase\/Tema_01.pdf\">PDF<\/a><\/div>\n<\/div>\n<\/div>\n<\/div>\n\n\n\n<div class=\"wp-block-columns is-layout-flex wp-container-core-columns-is-layout-28f84493 wp-block-columns-is-layout-flex\">\n<div class=\"wp-block-column is-layout-flow wp-block-column-is-layout-flow\">\n<ul class=\"has-black-color has-text-color wp-block-list\"><li>P\u00e1gina web del Proyecto Descartes para trabajar los contenidos te\u00f3ricos de los estados de la materia. <\/li><\/ul>\n<\/div>\n\n\n\n<div class=\"wp-block-column is-layout-flow wp-block-column-is-layout-flow\">\n<div class=\"wp-block-buttons is-layout-flex wp-block-buttons-is-layout-flex\">\n<div class=\"wp-block-button\"><a class=\"wp-block-button__link\" href=\"https:\/\/proyectodescartes.org\/EDAD\/materiales_didacticos\/EDAD_3eso_estados_materia-JS\/index.htm\">Web Proyecto Descartes<\/a><\/div>\n<\/div>\n<\/div>\n<\/div>\n<\/div><\/div>\n\n\n\n<p><\/p>\n\n\n\n<div class=\"wp-block-cover alignfull\" style=\"min-height:197px;aspect-ratio:unset;\"><span aria-hidden=\"true\" class=\"wp-block-cover__background has-ast-global-color-5-background-color has-background-dim-100 has-background-dim\"><\/span><div class=\"wp-block-cover__inner-container is-layout-flow wp-block-cover-is-layout-flow\">\n<h2 class=\"has-black-color has-text-color wp-block-heading\">Ejercicios y problemas para trabajar esta unidad<\/h2>\n\n\n\n<div class=\"wp-block-columns is-layout-flex wp-container-core-columns-is-layout-28f84493 wp-block-columns-is-layout-flex\">\n<div class=\"wp-block-column is-layout-flow wp-block-column-is-layout-flow\" style=\"flex-basis:66.66%\">\n<ul class=\"has-black-color has-text-color wp-block-list\"><li>Relaci\u00f3n de m\u00e1s de 80 ejercicios para trabajar estas leyes de los gases por el profesor Ra\u00fal Gonz\u00e1lez Medina. <\/li><\/ul>\n<\/div>\n\n\n\n<div class=\"wp-block-column is-layout-flow wp-block-column-is-layout-flow\" style=\"flex-basis:33.33%\">\n<div class=\"wp-block-buttons is-layout-flex wp-block-buttons-is-layout-flex\">\n<div class=\"wp-block-button\"><a class=\"wp-block-button__link\" href=\"https:\/\/selectividad.intergranada.com\/ESO\/fq3\/Clase\/Leyes_gases.pdf\">Relaci\u00f3n ejercicios acerca de los gases<\/a><\/div>\n<\/div>\n<\/div>\n<\/div>\n<\/div><\/div>\n\n\n\n<p><\/p>\n\n\n\n<div class=\"wp-block-cover alignfull\" style=\"min-height:197px;aspect-ratio:unset;\"><span aria-hidden=\"true\" class=\"wp-block-cover__background has-ast-global-color-5-background-color has-background-dim-100 has-background-dim\"><\/span><div class=\"wp-block-cover__inner-container is-layout-flow wp-block-cover-is-layout-flow\">\n<h2 class=\"has-black-color has-text-color wp-block-heading\">Para experimentar&#8230; <\/h2>\n\n\n\n<div class=\"wp-block-columns is-layout-flex wp-container-core-columns-is-layout-28f84493 wp-block-columns-is-layout-flex\">\n<div class=\"wp-block-column is-layout-flow wp-block-column-is-layout-flow\" style=\"flex-basis:66.66%\">\n<ul class=\"has-black-color has-text-color wp-block-list\"><li>Varios laboratorios y experimentos, as\u00ed como problemas basados en sucesos t\u00edpicos de la vida cotidiana que servir\u00e1n tanto para aprenderse los distintos cambios de estado como para entender c\u00f3mo se producen \u00e9stos e identificarlos en diferentes fen\u00f3menos comunes en nuestro d\u00eda a d\u00eda.<\/li><\/ul>\n<\/div>\n\n\n\n<div class=\"wp-block-column is-layout-flow wp-block-column-is-layout-flow\" style=\"flex-basis:33.33%\">\n<div class=\"wp-block-buttons is-layout-flex wp-block-buttons-is-layout-flex\">\n<div class=\"wp-block-button\"><a class=\"wp-block-button__link\" href=\"https:\/\/ambientech.org\/contenidos-agua\">P\u00e1gina web de Ambientech. Secci\u00f3n del agua y los cambios de estado<\/a><\/div>\n<\/div>\n<\/div>\n<\/div>\n\n\n\n<div class=\"wp-block-columns is-layout-flex wp-container-core-columns-is-layout-28f84493 wp-block-columns-is-layout-flex\">\n<div class=\"wp-block-column is-layout-flow wp-block-column-is-layout-flow\">\n<figure class=\"wp-block-image size-full\"><img loading=\"lazy\" decoding=\"async\" width=\"819\" height=\"522\" src=\"https:\/\/www.amoldequimica.com\/wp-content\/uploads\/2022\/08\/Para-experimentar...-Ambientech-1.png\" alt=\"\" class=\"wp-image-1383\" srcset=\"https:\/\/www.amoldequimica.com\/wp-content\/uploads\/2022\/08\/Para-experimentar...-Ambientech-1.png 819w, https:\/\/www.amoldequimica.com\/wp-content\/uploads\/2022\/08\/Para-experimentar...-Ambientech-1-300x191.png 300w, https:\/\/www.amoldequimica.com\/wp-content\/uploads\/2022\/08\/Para-experimentar...-Ambientech-1-768x489.png 768w\" sizes=\"auto, (max-width: 819px) 100vw, 819px\" \/><\/figure>\n<\/div>\n\n\n\n<div class=\"wp-block-column is-layout-flow wp-block-column-is-layout-flow\">\n<figure class=\"wp-block-image size-full\"><img loading=\"lazy\" decoding=\"async\" width=\"819\" height=\"521\" src=\"https:\/\/www.amoldequimica.com\/wp-content\/uploads\/2022\/08\/Para-experimentar...-Ambientech-2.png\" alt=\"\" class=\"wp-image-1384\" srcset=\"https:\/\/www.amoldequimica.com\/wp-content\/uploads\/2022\/08\/Para-experimentar...-Ambientech-2.png 819w, https:\/\/www.amoldequimica.com\/wp-content\/uploads\/2022\/08\/Para-experimentar...-Ambientech-2-300x191.png 300w, https:\/\/www.amoldequimica.com\/wp-content\/uploads\/2022\/08\/Para-experimentar...-Ambientech-2-768x489.png 768w\" sizes=\"auto, (max-width: 819px) 100vw, 819px\" \/><\/figure>\n<\/div>\n<\/div>\n<\/div><\/div>\n\n\n\n<p><\/p>\n\n\n\n<div class=\"wp-block-cover alignfull\" style=\"min-height:197px;aspect-ratio:unset;\"><span aria-hidden=\"true\" class=\"wp-block-cover__background has-ast-global-color-5-background-color has-background-dim-100 has-background-dim\"><\/span><div class=\"wp-block-cover__inner-container is-layout-flow wp-block-cover-is-layout-flow\">\n<h2 class=\"has-black-color has-text-color wp-block-heading\">Gamificaci\u00f3n<\/h2>\n\n\n\n<div class=\"wp-block-columns is-layout-flex wp-container-core-columns-is-layout-28f84493 wp-block-columns-is-layout-flex\">\n<div class=\"wp-block-column is-layout-flow wp-block-column-is-layout-flow\" style=\"flex-basis:66.66%\">\n<ul class=\"has-black-color has-text-color wp-block-list\"><li>Kahoot de 16 cuestiones, todas de opci\u00f3n m\u00faltiple y que trata de abarcar desde la materia y sus propiedades, hasta los estados de esta, teniendo presencia tambi\u00e9n alguna cuesti\u00f3n sobre las leyes de los gases:<\/li><\/ul>\n<\/div>\n\n\n\n<div class=\"wp-block-column is-layout-flow wp-block-column-is-layout-flow\" style=\"flex-basis:33.33%\">\n<div class=\"wp-block-buttons is-layout-flex wp-block-buttons-is-layout-flex\">\n<div class=\"wp-block-button\"><a class=\"wp-block-button__link\" href=\"https:\/\/create.kahoot.it\/details\/83e23609-3a59-4df7-9859-57686b13a008\">Enlace Kahoot<\/a><\/div>\n<\/div>\n<\/div>\n<\/div>\n<\/div><\/div>\n\n\n\n<p><\/p>\n","protected":false},"excerpt":{"rendered":"","protected":false},"author":1,"featured_media":0,"parent":1340,"menu_order":2,"comment_status":"closed","ping_status":"closed","template":"","meta":{"_uag_custom_page_level_css":"","site-sidebar-layout":"default","site-content-layout":"default","ast-global-header-display":"","ast-banner-title-visibility":"","ast-main-header-display":"","ast-hfb-above-header-display":"","ast-hfb-below-header-display":"","ast-hfb-mobile-header-display":"","site-post-title":"","ast-breadcrumbs-content":"","ast-featured-img":"","footer-sml-layout":"","theme-transparent-header-meta":"","adv-header-id-meta":"","stick-header-meta":"","header-above-stick-meta":"","header-main-stick-meta":"","header-below-stick-meta":"","footnotes":""},"class_list":["post-1358","page","type-page","status-publish","hentry"],"uagb_featured_image_src":{"full":false,"thumbnail":false,"medium":false,"medium_large":false,"large":false,"1536x1536":false,"2048x2048":false},"uagb_author_info":{"display_name":"admin","author_link":"https:\/\/www.amoldequimica.com\/index.php\/author\/admin\/"},"uagb_comment_info":0,"uagb_excerpt":null,"_links":{"self":[{"href":"https:\/\/www.amoldequimica.com\/index.php\/wp-json\/wp\/v2\/pages\/1358","targetHints":{"allow":["GET"]}}],"collection":[{"href":"https:\/\/www.amoldequimica.com\/index.php\/wp-json\/wp\/v2\/pages"}],"about":[{"href":"https:\/\/www.amoldequimica.com\/index.php\/wp-json\/wp\/v2\/types\/page"}],"author":[{"embeddable":true,"href":"https:\/\/www.amoldequimica.com\/index.php\/wp-json\/wp\/v2\/users\/1"}],"replies":[{"embeddable":true,"href":"https:\/\/www.amoldequimica.com\/index.php\/wp-json\/wp\/v2\/comments?post=1358"}],"version-history":[{"count":7,"href":"https:\/\/www.amoldequimica.com\/index.php\/wp-json\/wp\/v2\/pages\/1358\/revisions"}],"predecessor-version":[{"id":1387,"href":"https:\/\/www.amoldequimica.com\/index.php\/wp-json\/wp\/v2\/pages\/1358\/revisions\/1387"}],"up":[{"embeddable":true,"href":"https:\/\/www.amoldequimica.com\/index.php\/wp-json\/wp\/v2\/pages\/1340"}],"wp:attachment":[{"href":"https:\/\/www.amoldequimica.com\/index.php\/wp-json\/wp\/v2\/media?parent=1358"}],"curies":[{"name":"wp","href":"https:\/\/api.w.org\/{rel}","templated":true}]}}